prime factors of 871831240.
2, 5, 7, 3113683
List the prime factors of 594976249.
7, 61, 1393387
What are the prime factors of 26661953?
31, 860063
List the prime factors of 430235.
5, 13, 6619
List the prime factors of 13722764.
2, 11, 311881
What are the prime factors of 61969934?
2, 13, 183343
List the prime factors of 162838879.
7, 47, 59, 8389
What are the prime factors of 814759017?
3, 17, 491, 32537
What are the prime factors of 678234885?
3, 5, 45215659
What are the prime factors of 96441489?
3, 157, 22751
List the prime factors of 1077980974.
2, 7, 23, 3347767
List the prime factors of 914689.
29, 31541
What are the prime factors of 2206526366?
2, 11, 113, 887581
List the prime factors of 109577972.
2, 7, 3913499
List the prime factors of 838369725.
3, 5, 79, 141497
What are the prime factors of 3992475019?
13, 47, 6534329
What are the prime factors of 81698011?
81698011
What are the prime factors of 597380272?
2, 17, 557, 3943
List the prime factors of 1160585464.
2, 145073183
What are the prime factors of 8822982?
2, 3, 7, 210071
List the prime factors of 349227062.
2, 103, 109, 151
What are the prime factors of 59873855?
5, 457, 26203
What are the prime factors of 185849529?
3, 71, 872533
What are the prime factors of 44548844?
2, 19, 30851
List the prime factors of 1569076094.
2, 37, 21203731
What are the prime factors of 80617894?
2, 7, 37, 103, 1511
List the prime factors of 197793737.
127, 397, 3923
List the prime factors of 258454801.
11, 23495891
What are the prime factors of 72442453?
72442453
List the prime factors of 10727373.
3, 37, 96643
What are the prime factors of 5208780286?
2, 127, 20507009
List the prime factors of 41108765.
5, 8221753
List the prime factors of 36940954.
2, 29, 137, 4649
What are the prime factors of 18922140?
2, 3, 5, 67, 523
What are the prime factors of 520961816?
2, 7573, 8599
What are the prime factors of 89054794?
2, 44527397
List the prime factors of 202255855.
5, 19, 283, 7523
What are the prime factors of 82980614?
2, 31, 1338397
What are the prime factors of 252019304?
2, 61, 516433
What are the prime factors of 2960755801?
53, 2137, 26141
What are the prime factors of 105786324?
2, 3, 7, 46643
What are the prime factors of 2402905784?
2, 300363223
List the prime factors of 67742855.
5, 3491, 3881
What are the prime factors of 45744819?
3, 43, 101, 3511
What are the prime factors of 362623565?
5, 47, 1049, 1471
List the prime factors of 286928518.
2, 10909, 13151
What are the prime factors of 1311474753?
3, 19, 1429, 1789
What are the prime factors of 56144030?
2, 5, 17, 19427
What are the prime factors of 382467368?
2, 23, 2078627
What are the prime factors of 1341355516?
2, 335338879
List the prime factors of 2821887585.
3, 5, 11, 172751
What are the prime factors of 931096933?
13, 691, 103651
What are the prime factors of 164321172?
2, 3, 4564477
What are the prime factors of 66488711?
691, 96221
What are the prime factors of 39958763?
13, 997, 3083
What are the prime factors of 897553086?
2, 3, 149592181
What are the prime factors of 140912714?
2, 70456357
List the prime factors of 409920101.
1621, 252881
List the prime factors of 789531235.
5, 23, 29, 61, 3881
What are the prime factors of 62138151?
3, 19, 59, 2053
List the prime factors of 251232529.
307, 818347
What are the prime factors of 36119531?
7, 1151, 4483
What are the prime factors of 187527725?
5, 7, 11, 61, 1597
What are the prime factors of 943133309?
943133309
List the prime factors of 88807636.
2, 22201909
What are the prime factors of 1887945860?
2, 5, 41, 53, 43441
What are the prime factors of 90911379?
3, 13, 2331061
List the prime factors of 72937836.
2, 3, 331, 6121
List the prime factors of 143009429.
143009429
List the prime factors of 27778127.
13, 2136779
What are the prime factors of 14038040?
2, 5, 31, 11321
List the prime factors of 64989055.
5, 211, 229, 269
What are the prime factors of 53585684?
2, 13396421
List the prime factors of 2747535447.
3, 47, 19486067
List the prime factors of 54885358.
2, 11, 226799
What are the prime factors of 813224804?
2, 7, 223, 130241
List the prime factors of 148287893.
13, 73, 156257
List the prime factors of 16427473.
16427473
List the prime factors of 71719601.
71719601
List the prime factors of 3894446630.
2, 5, 59, 6600757
List the prime factors of 34932382.
2, 17, 61, 16843
List the prime factors of 84206981.
29, 2903689
What are the prime factors of 203431553?
13, 1009, 1193
List the prime factors of 27400527.
3, 7, 11, 19, 2081
List the prime factors of 149740403.
17, 8808259
What are the prime factors of 592617775?
5, 719, 32969
What are the prime factors of 2919688808?
2, 19, 157, 122347
What are the prime factors of 82230032?
2, 5139377
What are the prime factors of 6034818808?
2, 71, 10624681
List the prime factors of 77923926.
2, 3, 4329107
List the prime factors of 25371425.
5, 61, 127, 131
What are the prime factors of 58702620?
2, 3, 5, 89, 10993
What are the prime factors of 43279270?
2, 5, 37, 53, 2207
List the prime factors of 331948804.
2, 11, 7544291
List the prime factors of 1021471552.
2, 15960493
List the prime factors of 77490880.
2, 5, 113, 2143
What are the prime factors of 4726794994?
2, 4919, 480463
What are the prime factors of 3340294?
2, 691, 2417
List the prime factors of 652528644.
2, 3, 54377387
What are the prime factors of 24940890?
2, 3, 5, 13, 21317
List the prime factors of 55266343.
11, 347, 14479
List the prime factors of 381839939.
13, 359, 81817
List the prime factors of 3645773818.
2, 1822886909
What are the prime factors of 12893615?
5, 7, 52627
List the prime factors of 441246724.
2, 67, 1646443
What are the prime factors of 102070265?
5, 11, 1855823
List the prime factors of 111277295.
5, 131, 169889
List the prime factors of 55263120.
2, 3, 5, 11, 173
What are the prime factors of 66211634?
2, 17, 114553
List the prime factors of 27817394.
2, 11, 349, 3623
List the prime factors of 18564144.
2, 3, 41, 9433
What are the prime factors of 956163185?
5, 1063, 179899
List the prime factors of 313160563.
37, 8463799
What are the prime factors of 537769424?
2, 59, 569671
What are the prime factors of 4548818758?
2, 11, 17, 1151, 10567
List the prime factors of 32444996.
2, 23, 73, 4831
What are the prime factors of 163846086?
2, 3, 41, 666041
What are the prime factors of 1893772892?
2, 11, 53, 812081
What are the prime factors of 44819308?
2, 653, 17159
What are the prime factors of 17898778?
2, 373, 23993
List the prime factors of 5792792320.
2, 5, 7, 419, 1543
What are the prime factors of 3500340?
2, 3, 5, 227, 257
List the prime factors of 19666737.
3, 2185193
List the prime factors of 817722574.
2, 677, 603931
List the prime factors of 579935316.
2, 3, 48327943
What are the prime factors of 12237510?
2, 3, 5, 407917
What are the prime factors of 5675269867?
17581, 322807
List the prime factors of 264080219.
13, 2203, 9221
List the prime factors of 283363198.
2, 141681599
What are the prime factors of 43892734?
2, 283, 77549
What are the prime factors of 3887539375?
5, 6220063
List the prime factors of 3670071323.
3767, 974269
List the prime factors of 3665155610.
2, 5, 71, 397, 13003
List the prime factors of 229789950.
2, 3, 5, 13, 117841
List the prime factors of 8585748.
2, 3, 17, 14029
List the prime factors of 322323778.
2, 7, 23023127
What are the prime factors of 121186315?
5, 24237263
List the prime factors of 48531642.
2, 3, 37, 218611
List the prime factors of 3242724154.
2, 1621362077
What are the prime factors of 38510170?
2, 5, 3851017
List the prime factors of 4121752874.
2, 43, 199, 240841
What are the prime factors of 4095458273?
59, 69414547
What are the prime factors of 378848595?
3, 5, 367, 68819
List the prime factors of 44745071.
7, 17, 376009
What are the prime factors of 8535768446?
2, 173, 24669851
List the prime factors of 452406037.
452406037
List the prime factors of 29303317.
29303317
What are the prime factors of 111782926?
2, 55891463
List the prime factors of 392666350.
2, 5, 19, 23, 17971
What are the prime factors of 3216959466?
2, 3, 7, 31, 41, 8609
What are the prime factors of 45341249?
73, 621113
What are the prime factors of 56684041?
151, 375391
What are the prime factors of 218